{"id":65,"date":"2021-02-25T09:48:21","date_gmt":"2021-02-25T09:48:21","guid":{"rendered":"https:\/\/www.solabal.com\/tienda\/?page_id=65"},"modified":"2021-02-25T10:21:23","modified_gmt":"2021-02-25T10:21:23","slug":"politica-de-privacidad","status":"publish","type":"page","link":"https:\/\/www.solabal.com\/tienda\/politica-de-privacidad\/","title":{"rendered":""},"content":{"rendered":"<div id=\"pu2162\" class=\"clearfix colelem seccion-pag\"><!-- group --><\/p>\n<div id=\"u2162\" class=\"clip_frame grpelem seccion-texto seccion-texto-estatico\" style=\"height: auto;\"><!-- svg --><\/p>\n<div>\n<h3>PROTECCION DE DATOS<\/h3>\n<p>Con arreglo a lo dispuesto en el Reglamento Europeo de Protecci\u00f3n de Datos, le informamos que sus datos personales han sido almacenados en un fichero cuyo Responsable de Tratamiento es Bodegas y Vi\u00f1edos Solabal S.A.T. La finalidad de este tratamiento es mantener la relaci\u00f3n profesional o comercial que nos vincula e informarle de nuestros servicios. Todo lo anterior, tiene como base jur\u00eddica el inter\u00e9s legitimo pertinente y apropiado que existe entre usted y el Responsable del Tratamiento. Informarle que el destinatario de sus datos es exclusivamente Bodegas y Vi\u00f1edos Solabal S.A.T. y que el plazo que se conservaran sus datos personales ser\u00e1n solo y exclusivamente mientras sean necesarios para mantener el inter\u00e9s legitimo que les une al Responsable del Tratamiento.<\/p>\n<p>Si desea a acceder a sus datos, rectificarlos, suprimirlos, limitar su tratamiento, llevar a cabo su portabilidad, as\u00ed como oponerse a su tratamiento, lo puede hacer dirigi\u00e9ndose a la siguiente a esta direcci\u00f3n de correo electr\u00f3nico o dirigi\u00e9ndose por escrito a: Bodegas y Vi\u00f1edos Solabal S.A.T. sita en C\/Camino de San Bartolom\u00e9 n\u00ba 6, c\u00f3digo postal 26339 de \u00c1balos, La Rioja o a la direcci\u00f3n de e-mail: <a href=\"mailto:solabal@solabal.es\" target=\"_blank\" rel=\"noopener\">solabal@solabal.es<\/a>. Por \u00faltimo, informarle que tiene derecho a presentar una reclamaci\u00f3n ante la Autoridad de Control en la siguiente p\u00e1gina web: <a href=\"http:\/\/www.adpd.es\" target=\"_blank\" rel=\"noopener\">www.adpd.es<\/a>.<\/p>\n<h3>AVISO DE CONFIDENCIALIDAD<\/h3>\n<p>Tanto este mensaje como todos los posibles documentos adjuntos al mismo son confidenciales y est\u00e1n dirigidos exclusivamente a los destinatarios de los mismos. Por favor, si Ud. no es uno de dichos destinatarios, notif\u00edquenos este hecho y elimine el mensaje de su sistema.<\/p>\n<p>De acuerdo con el Reglamento de Protecci\u00f3n de Datos de Car\u00e1cter Personal, y su normativa de desarrollo, procedemos a informarle de:<\/p>\n<table id=\"tabla-lopd\">\n<tbody>\n<tr>\n<th>RESPONSABLE<\/th>\n<td>BODEGAS Y VI\u00d1EDOS SOLABAL S.A.T.<br \/>\nC\/Camino de San Bartolom\u00e9 n\u00ba 6, c\u00f3digo postal 26339 de \u00c1balos, La Rioja.<\/td>\n<\/tr>\n<tr>\n<th>FINALIDAD (del Tratamiento)<\/th>\n<td>\n<ul>\n<li>La difusi\u00f3n de la imagen de la empresa, promociones, informaci\u00f3n de productos y servicios.<\/li>\n<li>Atenci\u00f3n de solicitudes de informaci\u00f3n, consultas y \/ o sugerencias.<\/li>\n<li>Sus datos se mantendr\u00e1n el tiempo legalmente establecido por la legislaci\u00f3n aplicable.<\/li>\n<\/ul>\n<\/td>\n<\/tr>\n<tr>\n<th>LEGITIMACION (del Tratamiento)<\/th>\n<td>6.1.f) del RGPD: Tratamiento en base al inter\u00e9s leg\u00edtimo que subyace en el inter\u00e9s que muestra el usuario cuando solicita y recibe informaci\u00f3n comercial del Responsable de Tratamiento.<\/td>\n<\/tr>\n<tr>\n<th>DESTINATARIOS (de Cesiones o Transferencias)<\/th>\n<td>Este tratamiento no prev\u00e9 cesiones de datos a terceros.<br \/>\nLe informa de que no proceder\u00e1 a la elaboraci\u00f3n de perfiles, ni decisiones automatizadas con los datos facilitados por usted.<\/td>\n<\/tr>\n<tr>\n<th rowspan=\"2\">EJERCICIO DE LOS DERECHOS<\/th>\n<td>Podr\u00e1 ejercer sus derechos de acceso, rectificaci\u00f3n o supresi\u00f3n, limitaci\u00f3n del tratamiento, oposici\u00f3n o portabilidad, a trav\u00e9s de comunicaci\u00f3n escrita dirigida al domicilio de Bodegas y Vi\u00f1edos Solabal S.A.T., sita en la C\/Camino de San Bartolom\u00e9 n\u00ba 6, c\u00f3digo postal 26339 de \u00c1balos, La Rioja.<\/td>\n<\/tr>\n<tr>\n<td>Puede presentar la reclamaci\u00f3n oportuna ante la Autoridad de Control cuando considere que se han vulnerado los derechos y libertades establecidos en el Reglamento 2016\/679 del Parlamento Europeo y del Consejo en la siguiente direcci\u00f3n: www.aepd.es<\/td>\n<\/tr>\n<tr>\n<th>PROCEDENCIA (de los Datos)<\/th>\n<td>Los datos proporcionados proceden el propio interesado<\/td>\n<\/tr>\n<\/tbody>\n<\/table>\n<\/div>\n<\/div>\n<p><a id=\"solabal\" class=\"anchor_item grpelem\"><\/a><\/div>\n","protected":false},"excerpt":{"rendered":"<p>PROTECCION DE DATOS Con arreglo a lo dispuesto en el Reglamento Europeo de Protecci\u00f3n de Datos, le informamos que sus datos personales han sido almacenados en un fichero cuyo Responsable de Tratamiento es Bodegas y Vi\u00f1edos Solabal S.A.T. La finalidad de este tratamiento es mantener la relaci\u00f3n profesional o comercial que nos vincula e informarle [&hellip;]<\/p>\n","protected":false},"author":1,"featured_media":0,"parent":0,"menu_order":0,"comment_status":"closed","ping_status":"closed","template":"","meta":{"footnotes":""},"class_list":["post-65","page","type-page","status-publish","hentry"],"_links":{"self":[{"href":"https:\/\/www.solabal.com\/tienda\/wp-json\/wp\/v2\/pages\/65","targetHints":{"allow":["GET"]}}],"collection":[{"href":"https:\/\/www.solabal.com\/tienda\/wp-json\/wp\/v2\/pages"}],"about":[{"href":"https:\/\/www.solabal.com\/tienda\/wp-json\/wp\/v2\/types\/page"}],"author":[{"embeddable":true,"href":"https:\/\/www.solabal.com\/tienda\/wp-json\/wp\/v2\/users\/1"}],"replies":[{"embeddable":true,"href":"https:\/\/www.solabal.com\/tienda\/wp-json\/wp\/v2\/comments?post=65"}],"version-history":[{"count":5,"href":"https:\/\/www.solabal.com\/tienda\/wp-json\/wp\/v2\/pages\/65\/revisions"}],"predecessor-version":[{"id":70,"href":"https:\/\/www.solabal.com\/tienda\/wp-json\/wp\/v2\/pages\/65\/revisions\/70"}],"wp:attachment":[{"href":"https:\/\/www.solabal.com\/tienda\/wp-json\/wp\/v2\/media?parent=65"}],"curies":[{"name":"wp","href":"https:\/\/api.w.org\/{rel}","templated":true}]}}